e of -q**4/12 - 4*q**3/3 - 6*q**2 + 173*q. What is s(-7)?
-5
Suppose 4*n - 5*g = 21, n + 1 = -0*n - 5*g. Let q(k) = 114*k + 113*k - 221*k + k**2 + n. Determine q(-6).
4
Suppose -2*t - t + 2*x = -11, -14 = -4*t + 2*x. Let q(r) = 9*r**2 + 17*r + 8. Let u(f) = -4*f**2 - 7*f - 3. Let b(k) = -2*q(k) - 5*u(k). Determine b(t).
20
Let a(p) = -p**2 + 2*p + 4. Let z be a(3). Suppose -z = l - 3. Let s(g) = -21 + 49 - 17 - g - g**3 - 14 + 3*g. What is s(l)?
-7
Let o(y) = 4 - 1 + 2*y**3 + 20*y**3 - 21*y**3. Let q(s) = s + 5. Let d be q(-5). Give o(d).
3
Let w(z) = 3 + z - z - 4*z + z. Let u(b) = -4*b + 4. Let t(y) = 2*u(y) - 3*w(y). Let g = -20 + 15. Calculate t(g).
-6
Let s(r) = r**2 + 6*r + 4. Let d = 9 - 8. Let n be d/(-4 + 345/87). Let f be n/5 + (-5)/25. Determine s(f).
4
Suppose 0*a + 2*f - 10 = -3*a, 5*f - 18 = -4*a. Let c(k) = -2*k + 2 + a*k + 3*k - 5. Let s = 11 + -7. Determine c(s).
9
Let j be -10 + 5/15*42. Let f(l) = l - 1. Let p(n) = -2*n + 2. Let d(i) = -i - 1. Let y be d(-6). Let r(g) = y*f(g) + p(g). Give r(j).
9
Suppose 5*n - 2*n + 8 = -t, t - 2*n = -23. Let y(b) = -b**2 - 17*b - 5. Determine y(t).
-5
Suppose 3*u = 185 - 191. Let n(f) = -2*f**3 + f**2 + 2*f + 1. Give n(u).
17
Let i(x) = -4*x - 1. Suppose 12*r + 12 = 60. Let o = -8 + 13. Suppose -r*m - 10 = -6*m, -w + o*m = 27. Calculate i(w).
7
Let f(y) = -y**3 + 16*y**2 + 2*y. Let r(s) = -3*s**2 - 64*s - 205. Let p be r(-17). What is f(p)?
32
Suppose 231*h + 18 = 228*h. Let c(l) be the third derivative of 0 - 1/60*l**5 + 0*l + l**2 - 5/24*l**4 + 2/3*l**3. Give c(h).
-2
Let o(y) = y**2 + 8*y - 1. Let w be o(-8). Let z(j) = 27*j - 4. Let k(g) = -52*g + 7. Let m(t) = -3*k(t) - 5*z(t). What is m(w)?
-22
Let k = 31 - 28. Let u(o) = 11*o**2 + 15*o - 15*o - 10*o**2. Determine u(k).
9
Let p = 22 + -15. Suppose 2*m + 12 = 3*s - s, 2*s + 9 = -5*m. Let n(t) = -2*t + s - 5 + p - 3*t**2 - 3. Calculate n(-2).
-6
Suppose -4*i = -u - 28, 0 = -5*i + 6*i - 2*u - 14. Let z(w) be the second derivative of -7/2*w**2 + 0 - 5*w - w**3 + 1/12*w**4. Give z(i).
-7
Suppose -4*h + 21 + 7 = -b, -5*b + 3*h = 55. Let q(o) = -3*o - 6. Calculate q(b).
18
Suppose -4*o - 4 = 2*t, 0*t = 3*t. Let z(i) = 8 - 6 + 3 - 4 - 4*i**3 + 3*i**3. Determine z(o).
2
Suppose 3*l = 8 - 2. Suppose 4*i - 2*a - 4 = 0, l*i + 2*i + 2*a - 20 = 0. Suppose -i*o + 2 = 5. Let s(q) = q**3 + q**2 - q - 1. Determine s(o).
0
Let t be -4 - 18/(-2) - -8. Let z(u) = u**3 - 14*u**2 + 14*u - 6. Give z(t).
7
Let i = 39 + -32. Let o(d) = -d**2 + 6*d**3 + 3*d - i*d**3 + 4 - 3*d. Calculate o(0).
4
Let m(b) = -6*b**2 + 22*b - 13. Let o(c) = -5*c**2 + 20*c - 13. Let u(l) = 4*m(l) - 5*o(l). What is u(9)?
-14
Let q = -62 + 65. Let i(o) = o**2 - 3*o + o + q*o + 1. Calculate i(0).
1
Let a(v) be the third derivative of v**5/60 - v**4/24 - 4*v**3/3 + 183*v**2. Determine a(-4).
12
Let m(v) = v**3 + 7*v**2 + 6*v + 5. Let c be (-28)/6*12/8. Let y be (42/49)/((-2)/c). Suppose -y*r + 6 = -4*r. Calculate m(r).
5
Let l be 0 + 0 - (-48)/8. Let f be ((-4)/l)/(2/72). Let u be (-136)/f + (-2)/(-6). Let t(k) = -k**2 + 7*k - 2. What is t(u)?
4
Let r(u) = -14*u - 7. Let o(k) = 7*k + 3. Let y(x) = -10*o(x) - 4*r(x). Calculate y(3).
-44
Let f(b) = -9*b**2 - 13*b - 20. Let w(s) = -5*s**2 - 6*s - 11. Let x(v) = -3*f(v) + 5*w(v). Determine x(-6).
23
Let n(d) = -11*d**2. Let v(c) = -c**2 + 7*c + 3. Let r be v(7). Let l = r - 8. Let m(y) = -y**3 - 4*y**2 + 4*y - 4. Let k be m(l). Calculate n(k).
-11
Suppose p + 18 = -2*w - 0, -2*w = 2*p + 30. Let b be (-3 - p/8) + (-17)/(-2). Let u(s) = -8*s + s**2 + 0*s**3 + 7*s**2 - s**3 + 1. What is u(b)?
-6
Suppose -11*q = 5 + 39. Let d(k) = -48 + 50 - 2*k**2 - k**3 - k - 3*k**2 + k**2. Determine d(q).
6
Let c(i) = -i**2 - 9*i + 6. Let j = 109 + -116. Give c(j).
20
Suppose 3*v = 9*v - 42. Let o(z) = z + 1. Give o(v).
8
Let w(k) = k**3 + 22*k**2 + 20*k - 15. Let g be w(-21). Let y(z) = 2*z - 8. Let f(q) = q. Let j(t) = g*f(t) - y(t). Determine j(-6).
-16
Suppose 305*c - 327*c + 110 = 0. Let r(t) = -2*t + 14. Calculate r(c).
4
Let z(v) be the third derivative of v**4/24 - 8*v**3/3 + 997*v**2. Calculate z(-6).
-22
Let s(v) = -35*v - 1. Let z(a) = 80*a + 2. Let g(k) = -9*s(k) - 4*z(k). What is g(-9)?
46
Let a(c) = c**2 - 9*c + 9. Suppose -4*y + 8 = -r - y, -3*r - y = 54. Let g = r - -24. Give a(g).
-5
Let o(n) = n**3 - 5*n**2 - 10*n + 7. Let t(v) = -v**2 - 13*v - 36. Let x be t(-7). What is o(x)?
-17
Let h(u) = -23*u**2 + 18*u + 24. Let i(w) = 4*w**2 - 1. Let l(m) = -h(m) - 6*i(m). Determine l(-16).
14
Suppose -6*q + 275 - 277 = -7*q. Let f be 54/10 + (-2)/5. Let p(z) = -3*z - 3 + f + z. What is p(q)?
-2
Let v(u) = -3*u. Suppose 2*z = 4*i + i + 35, -5*i = -3*z + 40. Let x = -4 - i. Calculate v(x).
-3
Let y(a) = -2*a + 0*a - a**2 + 2 - 3*a. Let x = -1021 + 1016. What is y(x)?
2
Let f(u) = 3*u**2 + 5*u - 11. Let d(y) = y**2 + 2*y - 4. Let k(q) = 8*d(q) - 3*f(q). What is k(3)?
-5
Let s(j) = -36*j + 62 - 79 + 38*j. Give s(17).
17
Let u(o) = -2*o + 5. Let g = -2066 - -2069. Give u(g).
-1
Suppose 2*i = -57 + 51, 8 = 2*z - 4*i. Let t(r) = -r + 1. Let w(y) = -5*y + 5. Let a(p) = -3*t(p) + w(p). Calculate a(z).
6
Let u(g) be the second derivative of -g**4/12 + 13*g**3/6 + 4*g**2 - 284*g. What is u(15)?
-22
Let n(c) be the first derivative of -4*c**2 - 4*c + 900. Calculate n(-1).
4
Let g be ((-3)/(-5))/(2/10). Let v(x) = g + 0 + 0*x - x + 7. Let o be v(6). Let c(m) = -m**3 + 5*m**2 - 6*m + 4. Calculate c(o).
-4
Let t = -2 - -3. Let y(x) = 3*x**3 + 6*x**2 - 4*x + 1. Let p(d) = 27 - 27 + d**3 + 2*d**2 + 0*d**3 - d. Let l(f) = 2*p(f) - y(f). Calculate l(t).
-2
Let u(f) = f**3 + 6*f**2 - 3*f - 11. Let k(d) = 2*d**2 + 28*d + 90. Let y be k(-8). Calculate u(y).
7
Let p(f) = -26*f**3 + 27*f**2 - 26*f + 26. Let w(u) = 5*u**3 - 5*u**2 + 5*u - 5. Let x(q) = -2*p(q) - 11*w(q). Calculate x(2).
-23
Let u = 658 - 642. Let i(m) = m - 13. Calculate i(u).
3
Let f(s) = 2*s**2 - 6*s + 1 - s**2 + s. Let w = 211 - 208. Suppose -k - 5*t = -14, -4*k = -4*t + w - 11. Calculate f(k).
-3
Suppose 5*h = 2*p + 2, 5*h = 4*p + 4*h - 14. Suppose p*s - 6 = 2*c - 0, -5*c - 37 = s. Let v(g) = g**2 + 9*g + 10. Calculate v(c).
-4
Let b(f) be the first derivative of f**4/4 - f**3/3 + f**2 - 2*f - 56. What is b(2)?
6
Suppose -y = -4*y. Suppose 3*c = -2*k + 25, y*c - 2*c - 4*k = -14. Let b(x) = x**2 - 10*x + 12. Give b(c).
3
Let c(v) = 5*v + 2. Let o(f) = f - 1. Let z(m) = -6*m - 26. Let j be z(-4). Let s(b) = j*o(b) + c(b). Calculate s(-3).
-5
Let t(x) = -x**3 + 6*x**2 + 6*x - 8. Suppose 5*r - 25 = 0, 21*j + 4*r - 32 = 19*j. Determine t(j).
28
Let o be (3/6)/((-45)/(-20) + -2). Let u(f) = 0*f + o*f + 274 - 272. Give u(-4).
-6
Let b(y) be the second derivative of -y**4/12 + y**3/6 - y**2 - 9*y. Let i be 4/3*(-3)/(-2). Let h be 14/(-8) + i/(-8). What is b(h)?
-8
Let h(x) = x + 12. Let k be h(-10). Suppose -p + 2*p = -k. Let l(v) = -3*v + 2. Determine l(p).
8
Let x(v) = v + 4. Let o(h) be the second derivative of -h**3/6 + h**2 + 5*h. Let s be o(-4). Suppose 25 = s*y - y. Calculate x(y).
9
Let p(r) = -r**3 + 2*r**2 + 5*r - 6. Let s(m) = -7*m - 31. Let q be s(-5). Determine p(q).
-18
Let j(o) = o**3 + 4*o**2 - 6*o + 3. Let y(p) = -p**3 - 2*p**2 + 3*p - 1. Let r be y(-3). Let t be 2 + 3 + (-2 + -9 - r). What is j(t)?
8
Suppose 0 = 5*f + t + 3*t + 22, -4*t - 14 = f. Let m(o) = -5*o**2 + o - 6*o - 6*o + 13*o. Calculate m(f).
-24
Let d(b) = 4*b + 16. Let m(f) = f - 11. Let w(z) = 11. Let c(o) = -3*m(o) - 4*w(o). Let t(v) = 7*c(v) + 5*d(v). Let y be 0 + (-3 - (0 + 0)). Calculate t(y).
6
Let s(g) = 3*g + 6. Let r(f) = -7*f - 12. Let q(j) = 4*r(j) + 9*s(j). Let u(w) = 2*w**2 + 22*w + 62. Let c be u(-7). Determine q(c).
0
Suppose -7*t - 175 = -12*t. Let s = t - 30. Suppose 0 = 2*o - n, -3*o - 4*n + 8*n = s. Let v(j) = -7*j**3 - 2*j**2 + 1. Give v(o).
-8
Let y(n) = -2*n - 11. Let o be y(-8). Suppose -3*c + 8*c + o = -3*s, 2*s = -2*c - 2. Let h(m) = m**3 + m**2 + 1. Give h(s).
1
Let i be (-1 + 5)*3/4. Let b(c) be the third derivative of 1/20*c**5 + 0*c + 0 + 30*c**2 - 1/120*c**6 - 1/3*c**3 + 1/24*c**4. Calculate b(i).
1
Let j(u) = u**3 - 9*u**2 - 4. Let g = 28 - 19. What is j(g)?
-4
Suppose -42 = 4*n - 2. Let j(f) = -f**3 - 10*f**2 - 4. Calculate j(n).
-4
Suppose -w + 32 = 7*w. Let g be (-4)/(-1 + -19)*(w + 1). Let